{"id":21,"date":"2013-05-19T13:46:53","date_gmt":"2013-05-19T11:46:53","guid":{"rendered":"http:\/\/sumedu.pl\/?page_id=21"},"modified":"2022-12-30T21:59:41","modified_gmt":"2022-12-30T20:59:41","slug":"geografia","status":"publish","type":"page","link":"http:\/\/sumedu.pl\/?page_id=21","title":{"rendered":"Geografia"},"content":{"rendered":"<h3><span style=\"color: #000080;\">Prowadz\u0105cy zaj\u0119cia: mgr Wojciech Karcz<\/span><\/h3>\n<h3><span style=\"color: #ff6600;\"><b>Matura 2023<\/b><\/span><\/h3>\n<p>100 godzin wyk\u0142ad\u00f3w oraz \u0107wicze\u0144 w rozwi\u0105zywaniu zada\u0144 maturalnych<br \/>\nZaj\u0119cia rozpoczynaj\u0105 si\u0119 od 9 wrze\u015bnia 2022 r.<\/p>\n<p><b>Terminy zaj\u0119\u0107: <\/b><\/p>\n<p>pi\u0105tki, godz. 16.00 \u2013 18.15<br \/>\n(Z uwagi na przypadaj\u0105ce \u015bwi\u0119ta w roku szkolnym, niekt\u00f3re zaj\u0119cia b\u0119d\u0105 zaplanowane w inne dni, zgodnie z kalendarzem roku szkolnego. Pe\u0142ny harmonogram zaj\u0119\u0107 b\u0119dzie podany na pocz\u0105tku wrze\u015bnia)<\/p>\n<h3><\/h3>\n","protected":false},"excerpt":{"rendered":"<p>Prowadz\u0105cy zaj\u0119cia: mgr Wojciech Karcz Matura 2023 100 godzin wyk\u0142ad\u00f3w oraz \u0107wicze\u0144 w rozwi\u0105zywaniu zada\u0144 maturalnych Zaj\u0119cia rozpoczynaj\u0105 si\u0119 od 9 wrze\u015bnia 2022 r. Terminy zaj\u0119\u0107: pi\u0105tki, godz. 16.00 \u2013 18.15 (Z uwagi na przypadaj\u0105ce \u015bwi\u0119ta w roku szkolnym, niekt\u00f3re zaj\u0119cia b\u0119d\u0105 zaplanowane w inne dni, zgodnie z kalendarzem roku szkolnego. Pe\u0142ny harmonogram zaj\u0119\u0107 b\u0119dzie &hellip; <a href=\"http:\/\/sumedu.pl\/?page_id=21\">Continue reading <span class=\"meta-nav\">&rarr;<\/span><\/a><\/p>\n","protected":false},"author":9192192,"featured_media":0,"parent":0,"menu_order":0,"comment_status":"closed","ping_status":"closed","template":"","meta":[],"_links":{"self":[{"href":"http:\/\/sumedu.pl\/index.php?rest_route=\/wp\/v2\/pages\/21"}],"collection":[{"href":"http:\/\/sumedu.pl\/index.php?rest_route=\/wp\/v2\/pages"}],"about":[{"href":"http:\/\/sumedu.pl\/index.php?rest_route=\/wp\/v2\/types\/page"}],"author":[{"embeddable":true,"href":"http:\/\/sumedu.pl\/index.php?rest_route=\/wp\/v2\/users\/9192192"}],"replies":[{"embeddable":true,"href":"http:\/\/sumedu.pl\/index.php?rest_route=%2Fwp%2Fv2%2Fcomments&post=21"}],"version-history":[{"count":18,"href":"http:\/\/sumedu.pl\/index.php?rest_route=\/wp\/v2\/pages\/21\/revisions"}],"predecessor-version":[{"id":404,"href":"http:\/\/sumedu.pl\/index.php?rest_route=\/wp\/v2\/pages\/21\/revisions\/404"}],"wp:attachment":[{"href":"http:\/\/sumedu.pl\/index.php?rest_route=%2Fwp%2Fv2%2Fmedia&parent=21"}],"curies":[{"name":"wp","href":"https:\/\/api.w.org\/{rel}","templated":true}]}}

<h3><span style="color: #000080;">Prowadzący zajęcia: mgr Wojciech Karcz</span></h3>
<h3><span style="color: #ff6600;"><b>Matura 2023</b></span></h3>
<p>100 godzin wykładów oraz ćwiczeń w rozwiązywaniu zadań maturalnych<br />
Zajęcia rozpoczynają się od 9 września 2022 r.</p>
<p><b>Terminy zajęć: </b></p>
<p>piątki, godz. 16.00 – 18.15<br />
(Z uwagi na przypadające święta w roku szkolnym, niektóre zajęcia będą zaplanowane w inne dni, zgodnie z kalendarzem roku szkolnego. Pełny harmonogram zajęć będzie podany na początku września)</p>
<h3></h3>

<p>Prowadzący zajęcia: mgr Wojciech Karcz Matura 2023 100 godzin wykładów oraz ćwiczeń w rozwiązywaniu zadań maturalnych Zajęcia rozpoczynają się od 9 września 2022 r. Terminy zajęć: piątki, godz. 16.00 – 18.15 (Z uwagi na przypadające święta w roku szkolnym, niektóre zajęcia będą zaplanowane w inne dni, zgodnie z kalendarzem roku szkolnego. Pełny harmonogram zajęć będzie &hellip; <a href="http://sumedu.pl/?page_id=21">Continue reading <span class="meta-nav">&rarr;</span></a></p>
